{"id":62,"date":"2025-06-04T16:36:00","date_gmt":"2025-06-04T14:36:00","guid":{"rendered":"http:\/\/localhost\/sbemn\/?page_id=62"},"modified":"2025-06-04T16:36:00","modified_gmt":"2025-06-04T14:36:00","slug":"directiva-santa-cruz","status":"publish","type":"page","link":"http:\/\/localhost\/sbemn\/index.php\/directiva-santa-cruz\/","title":{"rendered":"Directiva Santa Cruz"},"content":{"rendered":"\n<p class=\"has-text-align-center\"><strong>Presidente<\/strong><br>Dra. Laura Mazzocato &nbsp;<br>Endocrin\u00f3logo<\/p>\n\n\n\n<p class=\"has-text-align-center\"><strong>Vice \u2013 Presidente<\/strong><br>Dr. Miguel V\u00e1squez&nbsp;<br>Endocrin\u00f3loga<\/p>\n\n\n\n<p class=\"has-text-align-center\"><strong>Secretaria General<\/strong><br>Dra. Ang\u00e9lica Fierro<br>Endocrin\u00f3logo<\/p>\n\n\n\n<p class=\"has-text-align-center\"><strong>Secretaria de Hacienda<\/strong><br>Dra. Nelly Garz\u00f3n<br>Endocrin\u00f3loga<\/p>\n\n\n\n<p class=\"has-text-align-center\"><strong>Comit\u00e9 Cient\u00edfico<\/strong><br>Dra. Marilin Camacho Aguilera<br>Dra. Luc\u00eda Lijer\u00f3n<\/p>\n\n\n\n<p class=\"has-text-align-center\"><strong>Vocales<\/strong>&nbsp;<\/p>\n\n\n\n<p class=\"has-text-align-center\">1.- Dr. Wilson Choque Choque<br>2.- Dr. Guillermo Rodr\u00edguez<br>3.- Dr. \u00d3scar Tapia<br>4.- Dra. Andrea Badani<br>5.- Dra. Liz P\u00e9rez<\/p>\n\n\n\n<p class=\"has-text-align-center\"><strong>Comit\u00e9 de Comunicaci\u00f3n y Redes<\/strong><br><br>Dr. Paulo Peinado<br>Dra.&nbsp;Sharon&nbsp;Salinas<\/p>\n","protected":false},"excerpt":{"rendered":"<p>PresidenteDra. Laura Mazzocato &nbsp;Endocrin\u00f3logo Vice \u2013 PresidenteDr. Miguel V\u00e1squez&nbsp;Endocrin\u00f3loga Secretaria GeneralDra. Ang\u00e9lica FierroEndocrin\u00f3logo Secretaria de HaciendaDra. Nelly Garz\u00f3nEndocrin\u00f3loga Comit\u00e9 Cient\u00edficoDra. Marilin Camacho AguileraDra. Luc\u00eda Lijer\u00f3n Vocales&nbsp; 1.- Dr. Wilson Choque Choque2.- Dr. Guillermo Rodr\u00edguez3.- Dr. \u00d3scar Tapia4.- Dra. Andrea Badani5.- Dra. Liz P\u00e9rez Comit\u00e9 de Comunicaci\u00f3n y Redes Dr. Paulo PeinadoDra.&nbsp;Sharon&nbsp;Salinas<\/p>\n","protected":false},"author":1,"featured_media":0,"parent":0,"menu_order":0,"comment_status":"closed","ping_status":"closed","template":"","meta":{"saved_in_kubio":false,"footnotes":""},"class_list":["post-62","page","type-page","status-publish","hentry"],"kubio_ai_page_context":{"short_desc":"","purpose":"general"},"_links":{"self":[{"href":"http:\/\/localhost\/sbemn\/index.php\/wp-json\/wp\/v2\/pages\/62","targetHints":{"allow":["GET"]}}],"collection":[{"href":"http:\/\/localhost\/sbemn\/index.php\/wp-json\/wp\/v2\/pages"}],"about":[{"href":"http:\/\/localhost\/sbemn\/index.php\/wp-json\/wp\/v2\/types\/page"}],"author":[{"embeddable":true,"href":"http:\/\/localhost\/sbemn\/index.php\/wp-json\/wp\/v2\/users\/1"}],"replies":[{"embeddable":true,"href":"http:\/\/localhost\/sbemn\/index.php\/wp-json\/wp\/v2\/comments?post=62"}],"version-history":[{"count":1,"href":"http:\/\/localhost\/sbemn\/index.php\/wp-json\/wp\/v2\/pages\/62\/revisions"}],"predecessor-version":[{"id":63,"href":"http:\/\/localhost\/sbemn\/index.php\/wp-json\/wp\/v2\/pages\/62\/revisions\/63"}],"wp:attachment":[{"href":"http:\/\/localhost\/sbemn\/index.php\/wp-json\/wp\/v2\/media?parent=62"}],"curies":[{"name":"wp","href":"https:\/\/api.w.org\/{rel}","templated":true}]}}