{"id":58,"date":"2025-06-04T16:33:12","date_gmt":"2025-06-04T14:33:12","guid":{"rendered":"http:\/\/localhost\/sbemn\/?page_id=58"},"modified":"2025-06-04T16:33:12","modified_gmt":"2025-06-04T14:33:12","slug":"objetivos-de-la-s-b-e-m-n","status":"publish","type":"page","link":"http:\/\/localhost\/sbemn\/index.php\/objetivos-de-la-s-b-e-m-n\/","title":{"rendered":"Objetivos de la S.B.E.M.N."},"content":{"rendered":"\n<p>Los objetivos de la Sociedad son:<\/p>\n\n\n\n<p>a) Agrupar a los m\u00e9dicos especialistas en Endocrinolog\u00eda y Metabolismo,<\/p>\n\n\n\n<p>b) Proporcionar planificadamente el proceso de la endocrinolog\u00eda y metabolismo,<\/p>\n\n\n\n<p>c) Sugerir a las diferentes universidades e instituciones estatales y paraestatales del pa\u00eds los requerimientos necesarios para la buena practica y ense\u00f1anza de la endocrinolog\u00eda y metabolismo.<\/p>\n\n\n\n<p>d) Estimular la investigaci\u00f3n cient\u00edfica de acuerdo con las necesidades y posibilidades del pa\u00eds<\/p>\n\n\n\n<p>e) Mantener y fomentar relaciones con sociedades cient\u00edficas del interior y exterior del pa\u00eds.<\/p>\n\n\n\n<p>f) Organizar Congresos, conferencias, jornadas, mesas redondas, seminarios y otras actividades acad\u00e9micas relacionadas a la especialidad.<\/p>\n\n\n\n<p>g) Editar una revista cient\u00edfica, publicaci\u00f3n oficial de la Sociedad Boliviana de Endocrinolog\u00eda y Metabolismo,<\/p>\n\n\n\n<p>h) Establecer intercambio de estudios especializados con sociedades e instituciones del pa\u00eds y\/o exterior,<\/p>\n\n\n\n<p>i) Normar los requisitos para la formaron de cap\u00edtulos especializados dentro de la Sociedad,<\/p>\n\n\n\n<p>j) Coordinar y regular en forma general las actividades de la sociedad,<\/p>\n\n\n\n<p>k) Reglamentar la calificaci\u00f3n de especialidades en Endocrinolog\u00eda y Metabolismo e intervenir en los concursos de calificaci\u00f3n de los mismos.<\/p>\n","protected":false},"excerpt":{"rendered":"<p>Los objetivos de la Sociedad son: a) Agrupar a los m\u00e9dicos especialistas en Endocrinolog\u00eda y Metabolismo, b) Proporcionar planificadamente el proceso de la endocrinolog\u00eda y metabolismo, c) Sugerir a las diferentes universidades e instituciones estatales y paraestatales del pa\u00eds los requerimientos necesarios para la buena practica y ense\u00f1anza de la endocrinolog\u00eda y metabolismo. d) Estimular [&hellip;]<\/p>\n","protected":false},"author":1,"featured_media":0,"parent":0,"menu_order":0,"comment_status":"closed","ping_status":"closed","template":"","meta":{"saved_in_kubio":false,"footnotes":""},"class_list":["post-58","page","type-page","status-publish","hentry"],"kubio_ai_page_context":{"short_desc":"","purpose":"general"},"_links":{"self":[{"href":"http:\/\/localhost\/sbemn\/index.php\/wp-json\/wp\/v2\/pages\/58","targetHints":{"allow":["GET"]}}],"collection":[{"href":"http:\/\/localhost\/sbemn\/index.php\/wp-json\/wp\/v2\/pages"}],"about":[{"href":"http:\/\/localhost\/sbemn\/index.php\/wp-json\/wp\/v2\/types\/page"}],"author":[{"embeddable":true,"href":"http:\/\/localhost\/sbemn\/index.php\/wp-json\/wp\/v2\/users\/1"}],"replies":[{"embeddable":true,"href":"http:\/\/localhost\/sbemn\/index.php\/wp-json\/wp\/v2\/comments?post=58"}],"version-history":[{"count":1,"href":"http:\/\/localhost\/sbemn\/index.php\/wp-json\/wp\/v2\/pages\/58\/revisions"}],"predecessor-version":[{"id":59,"href":"http:\/\/localhost\/sbemn\/index.php\/wp-json\/wp\/v2\/pages\/58\/revisions\/59"}],"wp:attachment":[{"href":"http:\/\/localhost\/sbemn\/index.php\/wp-json\/wp\/v2\/media?parent=58"}],"curies":[{"name":"wp","href":"https:\/\/api.w.org\/{rel}","templated":true}]}}