{"id":56,"date":"2025-06-04T16:32:18","date_gmt":"2025-06-04T14:32:18","guid":{"rendered":"http:\/\/localhost\/sbemn\/?page_id=56"},"modified":"2025-06-10T02:28:45","modified_gmt":"2025-06-10T00:28:45","slug":"bienvenidos","status":"publish","type":"page","link":"http:\/\/localhost\/sbemn\/index.php\/bienvenidos\/","title":{"rendered":"Bienvenidos!"},"content":{"rendered":"\n<p>La Sociedad Boliviana de Endocrinolog\u00eda y Metabolismo es una entidad m\u00e9dica cient\u00edfica constituida en instrumento civil, de acuerdo con las disposiciones del Colegio M\u00e9dico de Bolivia y con las leyes vigentes para este tipo de organizaciones que agrupa a los m\u00e9dicos que han obtenido el Titulo de especialista en Endocrinolog\u00eda y Metabolismo. Dentro de nuestra pol\u00edtica hemos contemplado nuestras actividades abordando la actividad cient\u00edfica desde diferentes \u00e1ngulos:<\/p>\n\n\n\n<p><mark style=\"background-color:rgba(0, 0, 0, 0)\" class=\"has-inline-color has-kubio-color-3-color\">&#8211; <\/mark><mark style=\"background-color:rgba(0, 0, 0, 0)\" class=\"has-inline-color has-kubio-color-6-color\">Con nuestros Miembros<\/mark>:&nbsp;Para Consensuar Gu\u00edas, manuales, protocolos, y enfocar aquellos temas controversiales aun en discusi\u00f3n por la comunidad cient\u00edfica internacional, y de esta manera ser el referente correspondiente en determinadas patolog\u00edas de nuestra \u00e1rea de trabajo.<br>&#8211; De interrelaci\u00f3n con las dem\u00e1s Sociedades Cient\u00edficas:&nbsp;Para abordar temas de inter\u00e9s respecto a una determinada patolog\u00eda, en busca de obtener protocolos o Consensos para un mejor manejo del tema en cuesti\u00f3n.<br>&#8211; De proyecci\u00f3n a los profesionales en Salud:&nbsp;Con el fin de orientar sobre patolog\u00edas prevalentes como el caso de la Diabetes Mellitus, Obesidad y patolog\u00edas tiroideas, ente otras; y de esta manera coadyuvar en la formaci\u00f3n cient\u00edfica, llegando a los distintos puntos del pa\u00eds tanto en \u00e1reas urbanas como rurales.<br>&#8211; De Proyecci\u00f3n a la poblaci\u00f3n:&nbsp;Permanentemente buscamos ofrecer informaci\u00f3n especializada a trav\u00e9s de Campa\u00f1as Educativas y Preventivas que brinden informaci\u00f3n cient\u00edfica ampliamente debatida y aceptada en \u00e1mbitos internacionales y nacionales, con el fin de que la poblaci\u00f3n sea orientada como corresponde. Las actividades son realizadas en campa\u00f1as educativas, mediante eventos p\u00fablicos con asociaciones de pacientes, con organizaciones p\u00fablicas y\/o privadas, universidades, y en fin, a toda aquella actividad en donde la Sociedad de Endocrinolog\u00eda sea requerida como tal, sirviendo como referente en la atenci\u00f3n de estas patolog\u00edas.<\/p>\n\n\n\n<p>Entre nuestras funciones estimulamos la investigaci\u00f3n cient\u00edfica en temas relacionados con patolog\u00edas prevalentes de la especialidad, organizando Congresos, conferencias, jornadas, mesas redondas, seminarios y otras actividades acad\u00e9micas con el fin de coadyuvar en la capacitaci\u00f3n medica continua. Hacemos el respectivo llamado de atenci\u00f3n sobre los problemas en salud que creemos merecen ser tomados en cuenta en materia de \u201cpol\u00edticas de salud\u201d. Por lo expuesto, la Sociedad coordina y participa activamente con sus Miembros y con las agrupaciones de personas que padecen patolog\u00edas prevalentes, ya sea en ambientes hospitalarios, o en campa\u00f1as establecidas de capacitaci\u00f3n continua. Nuestra Instituci\u00f3n sirve como ente de referencia, incluso en decisiones legales, que necesiten el parecer del especialista.<\/p>\n\n\n\n<p>Como Instituci\u00f3n Miembro de la Federaci\u00f3n Internacional de diabetes a partir de 1997 estamos abocados en promover el cuidado de la diabetes, la prevenci\u00f3n y cura. Somos parte de la campa\u00f1a \u201cUnidos por la Diabetes\u201d como Resoluci\u00f3n de las Naciones Unidas en diciembre del 2006. Buscamos tambi\u00e9n liderar el esfuerzo global para implementar la resoluci\u00f3n 61\/225 que estimula a los pa\u00edses miembros de la ONU para desarrollar pol\u00edticas para la prevenci\u00f3n, tratamiento y cuidados de la diabetes e incorporarlos a sus programas de salud tomando en cuenta el acuerdo Internacional incluyendo las Metas de desarrollo del Milenio.<\/p>\n\n\n\n<p>Representar a la Sociedad Boliviana de Endocrinolog\u00eda, Metabolismo y Nutrici\u00f3n es un reto que me propongo cumplir a cabalidad en beneficio de nuestros Miembros y de la salud de la poblaci\u00f3n.&nbsp;<\/p>\n\n\n\n\n\n<p class=\"has-text-align-center\">Dr. Rodrigo Espinoza I.<br>PRESIDENTE 2025-2026<\/p>\n\n\n\n<p><\/p>\n","protected":false},"excerpt":{"rendered":"<p>La Sociedad Boliviana de Endocrinolog\u00eda y Metabolismo es una entidad m\u00e9dica cient\u00edfica constituida en instrumento civil, de acuerdo con las disposiciones del Colegio M\u00e9dico de Bolivia y con las leyes vigentes para este tipo de organizaciones que agrupa a los m\u00e9dicos que han obtenido el Titulo de especialista en Endocrinolog\u00eda y Metabolismo. Dentro de nuestra [&hellip;]<\/p>\n","protected":false},"author":1,"featured_media":0,"parent":0,"menu_order":0,"comment_status":"closed","ping_status":"closed","template":"","meta":{"saved_in_kubio":false,"footnotes":""},"class_list":["post-56","page","type-page","status-publish","hentry"],"kubio_ai_page_context":{"short_desc":"","purpose":"general"},"_links":{"self":[{"href":"http:\/\/localhost\/sbemn\/index.php\/wp-json\/wp\/v2\/pages\/56","targetHints":{"allow":["GET"]}}],"collection":[{"href":"http:\/\/localhost\/sbemn\/index.php\/wp-json\/wp\/v2\/pages"}],"about":[{"href":"http:\/\/localhost\/sbemn\/index.php\/wp-json\/wp\/v2\/types\/page"}],"author":[{"embeddable":true,"href":"http:\/\/localhost\/sbemn\/index.php\/wp-json\/wp\/v2\/users\/1"}],"replies":[{"embeddable":true,"href":"http:\/\/localhost\/sbemn\/index.php\/wp-json\/wp\/v2\/comments?post=56"}],"version-history":[{"count":3,"href":"http:\/\/localhost\/sbemn\/index.php\/wp-json\/wp\/v2\/pages\/56\/revisions"}],"predecessor-version":[{"id":273,"href":"http:\/\/localhost\/sbemn\/index.php\/wp-json\/wp\/v2\/pages\/56\/revisions\/273"}],"wp:attachment":[{"href":"http:\/\/localhost\/sbemn\/index.php\/wp-json\/wp\/v2\/media?parent=56"}],"curies":[{"name":"wp","href":"https:\/\/api.w.org\/{rel}","templated":true}]}}